 43 (base 7) in base 3?
1011
-3 (base 12) to base 8
-3
Convert -240 (base 10) to base 13.
-156
-10102 (base 3) to base 6
-232
0 (base 3) to base 13
0
Convert -1101 (base 2) to base 6.
-21
What is 111001 (base 2) in base 5?
212
Convert -14 (base 7) to base 10.
-11
What is 1452 (base 6) in base 8?
610
Convert 37 (base 14) to base 4.
301
What is -21 (base 15) in base 16?
-1f
What is 6 (base 11) in base 10?
6
Convert -29 (base 12) to base 3.
-1020
-4c (base 13) to base 8
-100
-5b (base 15) to base 16
-56
What is 12 (base 11) in base 14?
d
Convert 73 (base 12) to base 8.
127
2b (base 12) to base 3
1022
Convert -1044 (base 5) to base 7.
-302
Convert -3 (base 11) to base 4.
-3
Convert -4 (base 14) to base 2.
-100
Convert 94 (base 16) to base 10.
148
Convert 3 (base 15) to base 9.
3
Convert 1 (base 6) to base 3.
1
-14 (base 5) to base 12
-9
What is 1 (base 9) in base 5?
1
Convert 107 (base 8) to base 16.
47
Convert 8 (base 15) to base 3.
22
Convert 110000 (base 2) to base 16.
30
Convert -33 (base 5) to base 12.
-16
Convert 10 (base 4) to base 2.
100
-39 (base 13) to base 5
-143
-4 (base 15) to base 6
-4
-6 (base 7) to base 9
-6
14 (base 15) to base 9
21
What is -1202 (base 3) in base 16?
-2f
What is -1000 (base 2) in base 13?
-8
Convert 6 (base 16) to base 14.
6
Convert -59 (base 10) to base 14.
-43
What is 2 (base 3) in base 11?
2
-3 (base 10) to base 15
-3
-22 (base 4) to base 16
-a
-3 (base 9) to base 7
-3
2013 (base 5) to base 11
215
What is 1 (base 8) in base 6?
1
-10 (base 8) to base 3
-22
-21 (base 10) to base 15
-16
What is 23 (base 5) in base 15?
d
0 (base 10) to base 4
0
Convert 1122 (base 4) to base 2.
1011010
What is -c (base 13) in base 3?
-110
Convert -14 (base 5) to base 2.
-1001
d (base 14) to base 3
111
-11 (base 5) to base 8
-6
What is 4 (base 5) in base 4?
10
Convert 2b (base 16) to base 14.
31
42 (base 7) to base 10
30
What is 7 (base 13) in base 7?
10
What is -7 (base 15) in base 12?
-7
Convert 11 (base 16) to base 6.
25
Convert -6 (base 15) to base 13.
-6
Convert 1 (base 4) to base 14.
1
What is b (base 16) in base 5?
21
45 (base 9) to base 12
35
What is -124 (base 11) in base 10?
-147
What is 1 (base 16) in base 9?
1
Convert 1 (base 6) to base 11.
1
15 (base 8) to base 3
111
-12 (base 4) to base 8
-6
-16 (base 12) to base 10
-18
Convert 7 (base 8) to base 16.
7
Convert 6 (base 16) to base 8.
6
-10e (base 16) to base 9
-330
7 (base 8) to base 7
10
What is -3 (base 4) in base 14?
-3
Convert 21 (base 14) to base 10.
29
Convert 1 (base 4) to base 15.
1
-10010 (base 2) to base 8
-22
-1 (base 12) to base 11
-1
Convert -43 (base 6) to base 15.
-1c
Convert -3 (base 14) to base 15.
-3
-243 (base 7) to base 6
-333
What is 3 (base 4) in base 8?
3
What is 0 (base 12) in base 6?
0
Convert 31 (base 9) to base 5.
103
2331 (base 4) to base 9
230
Convert 1a (base 11) to base 6.
33
Convert -10 (base 4) to base 12.
-4
What is -7 (base 11) in base 10?
-7
Convert -11 (base 11) to base 8.
-14
-18 (base 16) to base 13
-1b
2 (base 11) to base 7
2
What is 2 (base 14) in base 5?
2
-111 (base 6) to base 8
-53
Convert -221 (base 3) to base 13.
-1c
Convert 3211 (base 4) to base 14.
125
19 (base 15) to base 5
44
Convert c (base 15) to base 7.
15
What is -16 (base 15) in base 5?
-41
Convert 10 (base 4) to base 5.
4
-2100 (base 4) to base 5
-1034
What is 26 (base 11) in base 3?
1001
Convert 144 (base 6) to base 15.
44
What is 13 (base 4) in base 11?
7
What is -4c (base 13) in base 14?
-48
What is -45 (base 7) in base 5?
-113
What is 11 (base 2) in base 10?
3
-1 (base 3) to base 10
-1
What is 23 (base 8) in base 15?
14
What is -1311 (base 4) in base 8?
-165
-14 (base 6) to base 7
-13
8 (base 16) to base 12
8
Convert -4 (base 11) to base 15.
-4
What is 21 (base 7) in base 3?
120
What is -2b (base 12) in base 2?
-100011
0 (base 6) to base 14
0
Convert 1a (base 12) to base 8.
26
What is 71 (base 8) in base 3?
2010
What is -31 (base 8) in base 9?
-27
Convert -11212 (base 3) to base 14.
-95
2 (base 5) to base 13
2
What is 11 (base 2) in base 7?
3
What is 51 (base 16) in base 5?
311
Convert -22 (base 15) to base 16.
-20
What is -1 (base 5) in base 8?
-1
What is -10 (base 4) in base 13?
-4
-3 (base 15) to base 3
-10
What is -63 (base 9) in base 12?
-49
What is 4 (base 14) in base 8?
4
-20 (base 5) to base 10
-10
6 (base 10) to base 13
6
What is -115 (base 10) in base 16?
-73
-8 (base 15) to base 8
-10
Convert 60 (base 11) to base 3.
2110
What is -21 (base 12) in base 5?
-100
Convert -11 (base 15) to base 4.
-100
What is -23 (base 6) in base 10?
-15
86 (base 9) to base 6
210
What is 2 (base 10) in base 12?
2
8 (base 9) to base 11
8
0 (base 7) to base 5
0
What is 34 (base 6) in base 11?
20
What is -3 (base 5) in base 4?
-3
10 (base 13) to base 9
14
Convert 2 (base 5) to base 8.
2
What is -1321 (base 4) in base 8?
-171
What is -2 (base 16) in base 10?
-2
What is -204 (base 7) in base 13?
-7b
What is 3 (base 13) in base 16?
3
What is 18 (base 12) in base 16?
14
d (base 14) to base 9
14
Convert -5 (base 13) to base 5.
-10
What is -42 (base 16) in base 4?
-1002
What is 100 (base 4) in base 12?
14
Convert -129 (base 15) to base 2.
-100001000
Convert 0 (base 11) to base 3.
0
What is 3 (base 9) in base 11?
3
What is 5 (base 8) in base 7?
5
Convert 10 (base 3) to base 8.
3
What is 6 (base 16) in base 3?
20
Convert 11 (base 6) to base 7.
10
Convert -203 (base 10) to base 13.
-128
1 (base 8) to base 2
1
Convert -2 (base 12) to base 11.
-2
2 (base 16) to base 10
2
What is -2 (base 8) in base 7?
-2
What is -10 (base 2) in base 12?
-2
204 (base 6) to base 2
1001100
What is 103 (base 6) in base 2?
100111
0 (base 13) to base 8
0
Convert 3 (base 9) to base 4.
3
What is -104 (base 6) in base 14?
-2c
8 (base 12) to base 6
12
Convert -5 (base 15) to base 11.
-5
-10 (base 15) to base 8
-17
Convert 153 (base 13) to base 8.
355
Convert -130 (base 7) to base 6.
-154
Convert -102 (base 5) to base 9.
-30
1 (base 6) to base 3
1
11 (base 4) to base 13
5
What is 1 (base 11) in base 10?
1
Convert 121 (base 4) to base 7.
34
-53 (base 7) to base 16
-26
Convert 30 (base 16) to base 3.
1210
What is -3 (base 5) in base 13?
-3
What is -221 (base 4) in base 3?
-1112
What is 1a (base 12) in base 10?
22
Convert -2 (base 5) to base 11.
-2
-121 (base 4) to base 2
-11001
Convert -110 (base 3) to base 11.
-11
-9 (base 12) to base 15
-9
Convert -15 (base 6) to base 10.
-11
What is 9 (base 14) in base 4?
21
Convert -123 (base 4) to base 13.
-21
10001000 (base 2) to base 10
136
Convert -1 (base 3) to base 12.
-1
What is -5d (base 15) in base 4?
-1120
Convert -26 (base 14) to base 11.
-31
What is -6 (base 16) in base 4?
-12
What is 1 (base 16) in base 14?
1
What is 333 (base 7) in base 14?
c3
5 (base 6) to base 3
12
101 (base 2) to base 9
5
-3 (base 6) to base 11
-3
Convert 101 (base 2) to base 12.
5
-10001 (base 2) to base 9
-18
-23 (base 15) to base 6
-53
2 (base 11) to base 4
2
Convert 11 (base 3) to base 14.
4
What is 222 (base 5) in base 3?
2022
Convert -425 (base 7) to base 14.
-115
Convert 25 (base 9) to base 16.
17
What is 201 (base 5) in base 16?
33
Convert -24 (base 12) to base 10.
-28
What is 22 (base 6) in base 9?
15
321 (base 4) to base 9
63
55 (base 7) to base 11
37
What is -22 (base 12) in base 10?
-26
What is -24 (base 10) in base 12?
-20
Convert 65 (base 12) to base 14.
57
What is 12 (base 3) in base 9?
5
What is 3 (base 6) in base 15?
3
Convert -11 (base 10) to base 16.
-b
124 (base 10) to base 12
a4
What is 53 (base 9) in base 8?
60
20010 (base 3) to base 2
10100101
3 (base 9) to base 3
10
What is -12 (base 10) in base 15?
-c
9 (base 15) to base 7
12
Convert 1113 (base 4) to base 14.
63
Convert 1 (base 15) to base 13.
1
What is -1 (base 13) in base 10?
-1
Convert 111 (base 5) to base 13.
25
-19 (base 12) to base 5
-41
-121 (base 9) to base 10
-100
What is -1 (base 12) in base 10?
-1
0 (base 12) to base 10
0
What is -52 (base 6) in base 9?
-35
-13b (base 13) to base 16
-db
Convert 120 (base 5) to base 8.
43
-26 (base 8) to base 3
-211
What is 16 (base 12) in base 3?
200
-21 (base 11) to base 16
-17
-7 (base 10) to base 15
-7
What is 424 (base 7) in base 13?
136
-20 (base 3) to base 2
-110
Convert -19 (base 14) to base 7.
-32
3e (base 15) to base 12
4b
Convert -1101110 (base 2) to base 6.
-302